/(-9) - -2) + 12240/(-405). Let z(c) = 3*c**2 + 69*c - 77. List the prime factors of z(j).
7, 79
Suppose 25 = 5*r + 5*b, -3*b + 2*b = 4*r - 14. Suppose 0 = r*j + 4*k - 70 - 114, -5*j - k = -335. Suppose a + 21 - j = 0. List the prime factors of a.
47
Let i = -194 - -288. Suppose -i = -o + 2*o. Let s = -32 - o. List the prime factors of s.
2, 31
Let s = 3764 + 634. List the prime factors of s.
2, 3, 733
Suppose 230*o = 2017351 + 25630 + 316589. What are the prime factors of o?
10259
Let a be 1663/(155/22 - 7). What are the prime factors of a/(-33)*(-9)/6?
1663
Suppose 0 - 4 = -4*m, 3*c + 3*m = -3. Let y be 76/1*(-4 + (-9)/c). Suppose 43*h - 25 = y*h. What are the prime factors of h?
5
Let g(h) = 9*h**2 + 49*h - 4. Let s be g(10). Let o = s - 182. What are the prime factors of o?
2, 7, 43
Suppose 2*p - 6360 - 12233 = 3*y, 21*p - 2*y = 195433. What are the prime factors of p?
41, 227
Suppose -5*f - 95 = -q, -2*f - 5*q + 7 = -f. Let o be (6/4)/(f/1056*-4). Suppose -2*a - 2*z = a - o, 3*z = -12. What are the prime factors of a?
2, 5
Suppose c - 19*k = -16*k + 3469, 4*c - k = 13843. What are the prime factors of c?
2, 5, 173
Let c(j) = -2*j**2 - 12*j + 1. Let p be c(-5). Suppose 7*h = p*h + 12. List the prime factors of (-55*(h + 2))/1.
5, 11
Let p = -269 - -261. List the prime factors of 23/92 + (-294)/p.
37
Let y(n) = -2*n**3 - n**2 + 7*n + 12553. List the prime factors of y(0).
12553
Let f = 341 + -337. Suppose f*m + p = 295, -5*m - 2*p + 304 = -67. What are the prime factors of m?
73
Let f = -66 - -70. Suppose -3*r = -0*r + 3*l - 18, f*l = r + 9. Suppose -2*m + 139 = s + r*m, 3*m - 15 = 0. List the prime factors of s.
2, 3, 19
Let k(r) = -r**2 + 18*r + 40. Let m be k(21). Let w = m + 449. List the prime factors of w.
2, 3, 71
Let l(t) = t**3 + 14*t**2 + 4*t + 12. Let n = 145 + -113. Let f = -45 + n. List the prime factors of l(f).
3, 43
Suppose -1 - 3 = c + q, 3 = -2*c - q. Let m be (-2)/((-1)/(-1)) - 2/c. Let y = m + 10. What are the prime factors of y?
2, 3
Suppose 48*z = -28677 - 14235. Let u = 121 - z. List the prime factors of u.
5, 7, 29
Suppose -27*t = 53874 - 227889. What are the prime factors of t?
5, 1289
Suppose 9*g - 19648 = -13780. List the prime factors of g.
2, 163
Suppose 0 = -2*i - 6, 0*z = -2*z - 3*i + 7. Suppose -34 = -h - z. Suppose -3*j + h = -2*j. List the prime factors of j.
2, 13
Let v = -248 + 239. Let p = 213 - v. What are the prime factors of p?
2, 3, 37
List the prime factors of 4009195/765 + (4/18)/1.
3, 1747
Let l = -378 + 333. What are the prime factors of (-180)/l*8*(-5)/(-2)?
2, 5
Let s(b) be the first derivative of -b**4/4 - 13*b**3/3 - 21*b**2/2 + 22*b + 128. List the prime factors of s(-13).
5, 59
Let a(l) = -l**2 - 10*l + 1. Let v be a(-9). Suppose -6*n - v = -n. What are the prime factors of 3 - (-83 - 3) - 2/n?
2, 3, 5
Let u = -6521 - -9378. Let q = u - 1931. List the prime factors of q.
2, 463
Let t be 606/(-9)*(-15)/10 + 4. What are the prime factors of 4 + (4 + -3)/(-1) + t?
2, 3
Suppose -469*y - c - 31902 = -472*y, -4*c = 3*y - 31917. What are the prime factors of y?
3, 5, 709
Suppose -2*l = -l + 5*w + 19, -5*l - 4*w - 53 = 0. Let j(z) = 3*z**2 - 3*z - 38. List the prime factors of j(l).
2, 29
Let h(w) = -w - 6. Let v be ((-18)/(-3)*2)/((-6)/4). Let n be h(v). List the prime factors of (n/6)/(2/264).
2, 11
Let c = 636 + -633. Suppose 4*g - 2*g - 3518 = -5*s, -c*g + 714 = s. What are the prime factors of s?
2, 3, 13
Suppose 5*i = k + 14, -k - 4*i = -7*i + 14. Let v = -8 - k. Suppose -124 = 5*n - v*n. What are the prime factors of n?
2, 31
Let a(p) = -2*p**2 - 9*p - 5. Let q(f) = -8*f**2 - 35*f - 19. Let v(t) = -22*a(t) + 6*q(t). Let j be v(-6). Let b = j + 151. List the prime factors of b.
3, 5
Let y = -28592 - -40247. List the prime factors of y.
3, 5, 7, 37
Let y be (1 - 197)/2 - (-4 - -5). Let n be 2/(-4) + y/(-6). List the prime factors of (11/(-12)*-27)/(6/n).
2, 3, 11
What are the prime factors of (-9)/(-27) + 12/(360/654470)?
2, 3, 101
Let u = 27 + -35. Let d be (u/(-10))/(12/60). Suppose 2*k + 3*b - 54 = 0, 4*k - d*b - 181 = -k. List the prime factors of k.
3, 11
Let b(t) = -413*t + 3400. List the prime factors of b(-85).
3, 5, 17, 151
Suppose 3*a + 13*i - 9*i + 6594 = 0, 4*a - 3*i = -8792. Let w = -1490 - a. List the prime factors of w.
2, 3, 59
Let q = -252 - -266. Suppose -q*f - 2*t = -17*f + 2111, -2*f + 5*t + 1422 = 0. What are the prime factors of f?
701
Let p = 3136 + 871. What are the prime factors of p?
4007
Let q = -108 + 117. Suppose 14 + 4 = q*i. Suppose 7*x + 4*s - 448 = 3*x, -i*s = -4*x + 466. What are the prime factors of x?
5, 23
Let a(b) = b**2 + 4*b - 20. Let l be (6/12)/(2/20) + -4. Let n(y) = y**2 + y. Let k(p) = l*n(p) + a(p). List the prime factors of k(-6).
2, 11
Let w(o) = -104*o - 71. Suppose -4*u + 8 = 0, 3*u - 20 = -4*l + 6*l. What are the prime factors of w(l)?
3, 73
Let s = 5112 + -1836. List the prime factors of s.
2, 3, 7, 13
Suppose -2*c - y - 2 = 0, 4*y = c - 0*y - 17. List the prime factors of c/(-18)*2 - (-30688)/63.
487
Suppose -6 = 4*g - 2, 0 = 4*i + 2*g - 198. Suppose -3*u + i = -3*k + 8*k, k + 13 = 4*u. Suppose -12*c = -k*c - 845. What are the prime factors of c?
13
Let s be 0 - (-6*5/10 - 1423). Let z = -901 + s. What are the prime factors of z?
3, 5, 7
Let d = -10436 - -20200. What are the prime factors of d?
2, 2441
Let a(y) = y**3 + 8*y**2 - y - 5. Let o be a(-8). Suppose 9 = -0*b - o*b. List the prime factors of (-1)/(3/29*b/9).
29
List the prime factors of 47932334/1393 - 4/(-7).
2, 3, 5, 31, 37
Let c(i) = 16*i**2 - 159*i - 100. What are the prime factors of c(-23)?
3, 4007
Suppose j + 900 = 5*g, -j + 164 + 196 = 2*g. Suppose -b = 4, -3*r + b + g + 775 = 0. List the prime factors of r.
317
Let x = -40 - -44. Let u be (-135)/30*(-1 + (-22)/(-6)). What are the prime factors of ((-477)/u - 2) + (-3)/x?
37
Suppose -26 + 5 = 7*p. Let r be (-16 - 2)*p*123/6. Suppose 0 = 5*u + 72 - r. What are the prime factors of u?
3, 23
Let h = 788 + 3461. What are the prime factors of h?
7, 607
Let h(q) = -7*q + 52. Let i be h(7). List the prime factors of (i/(-9))/((-7)/4935).
5, 47
Suppose -13827 = -31*y + 42*y. Let z = 2117 + y. What are the prime factors of z?
2, 5, 43
Let j(g) be the second derivative of -1/4*g**4 + 4/3*g**3 + 1/20*g**5 + 0 - 14*g + 2*g**2. What are the prime factors of j(4)?
2, 13
Let f(n) = 659*n + 87. Let c be f(2). Suppose -50*w + 48*w - 3585 = -5*z, 5*w - c = -2*z. What are the prime factors of z?
5, 11, 13
Suppose 14*q = 19 + 23. Suppose 5*u - 1893 - 6703 = q*l, 3440 = 2*u - 2*l. What are the prime factors of u?
2, 859
Suppose -2*b - 2*q + 726 = 0, 3*b - 2*q - 734 = b. Suppose -1742 = -3*a + o, -2*a + o + 796 = -b. Suppose 0 = -3*d + 10*d - a. List the prime factors of d.
83
Suppose -348 = 28*b - 32*b. Let m = 89 - b. Suppose -m*h + 343 = 23. List the prime factors of h.
2, 5
Let g(h) = -483*h**3 - 9*h**2 - 7*h - 8. List the prime factors of g(-4).
2, 43, 179
Let v = 235 - 220. Suppose 10*w = v*w - 3790. List the prime factors of w.
2, 379
Let s = 195 + -187. Suppose 5*w = -s*w + 1911. List the prime factors of w.
3, 7
Let m(x) = 50*x**2 + 728*x + 1. What are the prime factors of m(-21)?
6763
Let l = 186 + -23. Suppose -4*u = 2*f - 326, 5*u = -f + 9*u + l. List the prime factors of f.
163
Let k = -1388 + 11805. List the prime factors of k.
11, 947
Suppose 725520 = 346*s - 326*s. List the prime factors of s.
2, 3, 3023
Suppose -3*k + 17581 + 28115 = -2*i, -i = -3. List the prime factors of k.
2, 3, 2539
Suppose 15 = -256*s + 259*s. What are the prime factors of -3*(-10)/s + 16?
2, 11
Suppose -25*u + 27*u + 5*f = -89, 4*u + 138 = -2*f. List the prime factors of 446/2 + (-32)/u.
2, 7
Suppose -4*g + 5*i - 66754 = -279642, 4*g - 212860 = -2*i. What are the prime factors of g?
3, 73
Let n(c) = 654*c**3 - 4*c**2 - 14*c + 45. What are the prime factors of n(3)?
3, 5, 47
Suppose -190*i + 192*i - 6 = 0. Suppose -5*u - m - i*m + 47 = 0, m = -5*u + 53. List the prime factors of (18 - u)*94/7.
2, 47
Suppose 6*k - 3 = 5*k - 3*g, -k - 5*g = -3. Suppose k*n = -4*w + 278, 0 = 8*w - 4*w - 5*n - 294. What are the prime factors of w?
71
Let n = -2095 + 3255. List the prime factors of n.
2, 5, 29
Suppose 0 = 37*q - 65 - 120. Let w(u) = 227*u - 8. What are the 